{"id":651,"date":"2024-10-22T14:05:48","date_gmt":"2024-10-22T14:05:48","guid":{"rendered":"https:\/\/magiadosaber.g12.br\/site\/?page_id=651"},"modified":"2024-11-06T13:47:36","modified_gmt":"2024-11-06T13:47:36","slug":"fundamental-2","status":"publish","type":"page","link":"https:\/\/magiadosaber.g12.br\/site\/fundamental-2\/","title":{"rendered":"fundamental 2"},"content":{"rendered":"\t\t<div data-elementor-type=\"wp-page\" data-elementor-id=\"651\" class=\"elementor elementor-651\">\n\t\t\t\t<div class=\"elementor-element elementor-element-06324dd e-con-full e-flex parallax_section_no qode_elementor_container_no e-con e-parent\" data-id=\"06324dd\" data-element_type=\"container\" data-settings=\"{&quot;background_background&quot;:&quot;classic&quot;}\">\n\t\t<div class=\"elementor-element elementor-element-e6731bc e-grid e-con-boxed parallax_section_no qode_elementor_container_no e-con e-child\" data-id=\"e6731bc\" data-element_type=\"container\">\n\t\t\t\t\t<div class=\"e-con-inner\">\n\t\t<div class=\"elementor-element elementor-element-d1c409f e-con-full e-flex parallax_section_no qode_elementor_container_no e-con e-child\" data-id=\"d1c409f\" data-element_type=\"container\">\n\t\t\t\t<div class=\"elementor-element elementor-element-004c379 elementor-widget elementor-widget-text-editor\" data-id=\"004c379\" data-element_type=\"widget\" data-widget_type=\"text-editor.default\">\n\t\t\t\t<div class=\"elementor-widget-container\">\n\t\t\t\t\t\t\t\t\tENSINO FUNDAMENTAL II \t\t\t\t\t\t\t\t<\/div>\n\t\t\t\t<\/div>\n\t\t\t\t<div class=\"elementor-element elementor-element-b36d1ea elementor-widget elementor-widget-text-editor\" data-id=\"b36d1ea\" data-element_type=\"widget\" data-widget_type=\"text-editor.default\">\n\t\t\t\t<div class=\"elementor-widget-container\">\n\t\t\t\t\t\t\t\t\tNo Ensino Fundamental II, os estudantes s\u00e3o preparados para enfrentar desafios mais complexos e avan\u00e7ados, desenvolvendo habilidades como o gerenciamento do tempo, a organiza\u00e7\u00e3o de tarefas e o exerc\u00edcio da autonomia e da autoconfian\u00e7a.\t\t\t\t\t\t\t\t<\/div>\n\t\t\t\t<\/div>\n\t\t\t\t<div class=\"elementor-element elementor-element-dc44fcd elementor-widget elementor-widget-text-editor\" data-id=\"dc44fcd\" data-element_type=\"widget\" data-widget_type=\"text-editor.default\">\n\t\t\t\t<div class=\"elementor-widget-container\">\n\t\t\t\t\t\t\t\t\tOs estudantes s\u00e3o incentivados a questionar, refletir e formar suas pr\u00f3prias opini\u00f5es, compreendendo seu papel na sociedade e tornando-se cidad\u00e3os conscientes e participativos, capazes de contribuir de maneira positiva para mudan\u00e7as e transforma\u00e7\u00f5es sociais.\t\t\t\t\t\t\t\t<\/div>\n\t\t\t\t<\/div>\n\t\t\t\t<div class=\"elementor-element elementor-element-01d663b elementor-widget elementor-widget-text-editor\" data-id=\"01d663b\" data-element_type=\"widget\" data-widget_type=\"text-editor.default\">\n\t\t\t\t<div class=\"elementor-widget-container\">\n\t\t\t\t\t\t\t\t\tAtrav\u00e9s de projetos transdisciplinares e do ensino bil\u00edngue, os estudantes s\u00e3o conduzidos a desenvolver uma vis\u00e3o mais hol\u00edstica do conhecimento e do mundo\t\t\t\t\t\t\t\t<\/div>\n\t\t\t\t<\/div>\n\t\t\t\t<\/div>\n\t\t<div class=\"elementor-element elementor-element-e975a39 e-con-full e-flex parallax_section_no qode_elementor_container_no e-con e-child\" data-id=\"e975a39\" data-element_type=\"container\">\n\t\t\t\t<div class=\"elementor-element elementor-element-9aca564 elementor-widget elementor-widget-image\" data-id=\"9aca564\" data-element_type=\"widget\" data-widget_type=\"image.default\">\n\t\t\t\t<div class=\"elementor-widget-container\">\n\t\t\t\t\t\t\t\t\t\t\t\t\t\t\t<img fetchpriority=\"high\" decoding=\"async\" width=\"600\" height=\"480\" src=\"https:\/\/magiadosaber.g12.br\/site\/wp-content\/uploads\/2024\/10\/6.png\" class=\"attachment-large size-large wp-image-1083\" alt=\"\" srcset=\"https:\/\/magiadosaber.g12.br\/site\/wp-content\/uploads\/2024\/10\/6.png 600w, https:\/\/magiadosaber.g12.br\/site\/wp-content\/uploads\/2024\/10\/6-300x240.png 300w\" sizes=\"(max-width: 600px) 100vw, 600px\" \/>\t\t\t\t\t\t\t\t\t\t\t\t\t\t\t<\/div>\n\t\t\t\t<\/div>\n\t\t\t\t<\/div>\n\t\t\t\t\t<\/div>\n\t\t\t\t<\/div>\n\t\t\t\t<\/div>\n\t\t<div class=\"elementor-element elementor-element-661b7f5 e-con-full e-flex parallax_section_no qode_elementor_container_no e-con e-parent\" data-id=\"661b7f5\" data-element_type=\"container\">\n\t\t<div class=\"elementor-element elementor-element-abfaac9 e-grid e-con-boxed parallax_section_no qode_elementor_container_no e-con e-child\" data-id=\"abfaac9\" data-element_type=\"container\">\n\t\t\t\t\t<div class=\"e-con-inner\">\n\t\t<div class=\"elementor-element elementor-element-a1c68f7 e-con-full e-flex parallax_section_no qode_elementor_container_no e-con e-child\" data-id=\"a1c68f7\" data-element_type=\"container\">\n\t\t\t\t<div class=\"elementor-element elementor-element-f7634bd elementor-widget elementor-widget-image\" data-id=\"f7634bd\" data-element_type=\"widget\" data-widget_type=\"image.default\">\n\t\t\t\t<div class=\"elementor-widget-container\">\n\t\t\t\t\t\t\t\t\t\t\t\t\t\t\t<img decoding=\"async\" width=\"600\" height=\"480\" src=\"https:\/\/magiadosaber.g12.br\/site\/wp-content\/uploads\/2024\/10\/5.png\" class=\"attachment-large size-large wp-image-1082\" alt=\"\" srcset=\"https:\/\/magiadosaber.g12.br\/site\/wp-content\/uploads\/2024\/10\/5.png 600w, https:\/\/magiadosaber.g12.br\/site\/wp-content\/uploads\/2024\/10\/5-300x240.png 300w\" sizes=\"(max-width: 600px) 100vw, 600px\" \/>\t\t\t\t\t\t\t\t\t\t\t\t\t\t\t<\/div>\n\t\t\t\t<\/div>\n\t\t\t\t<\/div>\n\t\t<div class=\"elementor-element elementor-element-c1ec019 e-con-full e-flex parallax_section_no qode_elementor_container_no e-con e-child\" data-id=\"c1ec019\" data-element_type=\"container\">\n\t\t\t\t<div class=\"elementor-element elementor-element-47cd736 elementor-widget elementor-widget-text-editor\" data-id=\"47cd736\" data-element_type=\"widget\" data-widget_type=\"text-editor.default\">\n\t\t\t\t<div class=\"elementor-widget-container\">\n\t\t\t\t\t\t\t\t\tO uso da <strong>tecnologia<\/strong> torna o processo de aprendizagem mais envolvente e din\u00e2mico, estimulando a criatividade e o pensamento inovador em pesquisas cient\u00edficas sobre temas variados dos conte\u00fados curriculares. \t\t\t\t\t\t\t\t<\/div>\n\t\t\t\t<\/div>\n\t\t\t\t<div class=\"elementor-element elementor-element-2ec8f37 elementor-widget elementor-widget-text-editor\" data-id=\"2ec8f37\" data-element_type=\"widget\" data-widget_type=\"text-editor.default\">\n\t\t\t\t<div class=\"elementor-widget-container\">\n\t\t\t\t\t\t\t\t\tIsso possibilita o compartilhamento de saberes, viv\u00eancias e experi\u00eancias contempor\u00e2neas, baseadas na hist\u00f3ria e na ci\u00eancia, contribuindo para a forma\u00e7\u00e3o de conceitos mais elaborados. \t\t\t\t\t\t\t\t<\/div>\n\t\t\t\t<\/div>\n\t\t\t\t<div class=\"elementor-element elementor-element-156a8cb elementor-widget elementor-widget-text-editor\" data-id=\"156a8cb\" data-element_type=\"widget\" data-widget_type=\"text-editor.default\">\n\t\t\t\t<div class=\"elementor-widget-container\">\n\t\t\t\t\t\t\t\t\tOs materiais did\u00e1ticos adotados t\u00eam forte embasamento cient\u00edfico e est\u00e3o alinhados \u00e0s diretrizes da BNCC (Base Nacional Comum Curricular), oferecendo solu\u00e7\u00f5es digitais que s\u00e3o refer\u00eancia em inova\u00e7\u00e3o, forma\u00e7\u00e3o socioemocional e cidad\u00e3, garantindo o protagonismo e o alto rendimento acad\u00eamico dos estudantes. \t\t\t\t\t\t\t\t<\/div>\n\t\t\t\t<\/div>\n\t\t\t\t<div class=\"elementor-element elementor-element-25a81ee elementor-widget elementor-widget-text-editor\" data-id=\"25a81ee\" data-element_type=\"widget\" data-widget_type=\"text-editor.default\">\n\t\t\t\t<div class=\"elementor-widget-container\">\n\t\t\t\t\t\t\t\t\tNo ensino bil\u00edngue, com aulas di\u00e1rias, s\u00e3o utilizados recursos pedag\u00f3gicos e livros did\u00e1ticos exclusivos da National Geographic Learning, al\u00e9m da plataforma digital Teddy Tech.\t\t\t\t\t\t\t\t<\/div>\n\t\t\t\t<\/div>\n\t\t\t\t<\/div>\n\t\t\t\t\t<\/div>\n\t\t\t\t<\/div>\n\t\t\t\t<\/div>\n\t\t<div class=\"elementor-element elementor-element-16e9749 e-flex e-con-boxed parallax_section_no qode_elementor_container_no e-con e-parent\" data-id=\"16e9749\" data-element_type=\"container\" data-settings=\"{&quot;background_background&quot;:&quot;classic&quot;}\">\n\t\t\t\t\t<div class=\"e-con-inner\">\n\t\t\t\t<div class=\"elementor-element elementor-element-23bbf73 elementor-hidden-desktop elementor-hidden-tablet elementor-widget elementor-widget-spacer\" data-id=\"23bbf73\" data-element_type=\"widget\" data-widget_type=\"spacer.default\">\n\t\t\t\t<div class=\"elementor-widget-container\">\n\t\t\t\t\t\t\t<div class=\"elementor-spacer\">\n\t\t\t<div class=\"elementor-spacer-inner\"><\/div>\n\t\t<\/div>\n\t\t\t\t\t\t<\/div>\n\t\t\t\t<\/div>\n\t\t\t\t<div class=\"elementor-element elementor-element-65a46c0 elementor-widget elementor-widget-text-editor\" data-id=\"65a46c0\" data-element_type=\"widget\" data-widget_type=\"text-editor.default\">\n\t\t\t\t<div class=\"elementor-widget-container\">\n\t\t\t\t\t\t\t\t\tHor\u00e1rio:\nMatutino: 07h30min. \u00e0s 12h:20h\t\t\t\t\t\t\t\t<\/div>\n\t\t\t\t<\/div>\n\t\t\t\t<div class=\"elementor-element elementor-element-08f8506 elementor-hidden-desktop elementor-hidden-tablet elementor-widget elementor-widget-spacer\" data-id=\"08f8506\" data-element_type=\"widget\" data-widget_type=\"spacer.default\">\n\t\t\t\t<div class=\"elementor-widget-container\">\n\t\t\t\t\t\t\t<div class=\"elementor-spacer\">\n\t\t\t<div class=\"elementor-spacer-inner\"><\/div>\n\t\t<\/div>\n\t\t\t\t\t\t<\/div>\n\t\t\t\t<\/div>\n\t\t\t\t\t<\/div>\n\t\t\t\t<\/div>\n\t\t<div class=\"elementor-element elementor-element-7270049 e-con-full e-flex parallax_section_no qode_elementor_container_no e-con e-parent\" data-id=\"7270049\" data-element_type=\"container\" data-settings=\"{&quot;background_background&quot;:&quot;classic&quot;}\">\n\t\t<div class=\"elementor-element elementor-element-02135af e-grid e-con-boxed parallax_section_no qode_elementor_container_no e-con e-child\" data-id=\"02135af\" data-element_type=\"container\">\n\t\t\t\t\t<div class=\"e-con-inner\">\n\t\t<div class=\"elementor-element elementor-element-d687f53 e-con-full e-flex parallax_section_no qode_elementor_container_no e-con e-child\" data-id=\"d687f53\" data-element_type=\"container\">\n\t\t\t\t<div class=\"elementor-element elementor-element-09d5e32 elementor-widget elementor-widget-text-editor\" data-id=\"09d5e32\" data-element_type=\"widget\" data-widget_type=\"text-editor.default\">\n\t\t\t\t<div class=\"elementor-widget-container\">\n\t\t\t\t\t\t\t\t\tENSINO BIL\u00cdNGUE \t\t\t\t\t\t\t\t<\/div>\n\t\t\t\t<\/div>\n\t\t\t\t<div class=\"elementor-element elementor-element-f209a1f elementor-widget elementor-widget-text-editor\" data-id=\"f209a1f\" data-element_type=\"widget\" data-widget_type=\"text-editor.default\">\n\t\t\t\t<div class=\"elementor-widget-container\">\n\t\t\t\t\t\t\t\t\tA Base Nacional Comum Curricular (BNCC) aborda o ensino de ingl\u00eas como l\u00edngua estrangeira nos curr\u00edculos de educa\u00e7\u00e3o b\u00e1sica, especificamente nos anos finais do Ensino Fundamental, reconhecendo a import\u00e2ncia de desenvolver compet\u00eancias lingu\u00edsticas e interculturais nos estudantes. A BNCC orienta a inser\u00e7\u00e3o do ingl\u00eas como uma disciplina curricular obrigat\u00f3ria, a partir do 6\u00ba ano do Ensino Fundamental \u2013 Anos finais, com o prop\u00f3sito de proporcionar aos estudantes as ferramentas necess\u00e1rias para a comunica\u00e7\u00e3o efetiva em um mundo globalizado.\n\t\t\t\t\t\t\t\t<\/div>\n\t\t\t\t<\/div>\n\t\t\t\t<div class=\"elementor-element elementor-element-fd79661 elementor-widget elementor-widget-text-editor\" data-id=\"fd79661\" data-element_type=\"widget\" data-widget_type=\"text-editor.default\">\n\t\t\t\t<div class=\"elementor-widget-container\">\n\t\t\t\t\t\t\t\t\tNo que diz respeito \u00e0s habilidades espec\u00edficas, a BNCC delineia metas para a progress\u00e3o do ensino de ingl\u00eas nos anos finais do Ensino Fundamental. Ela considera o desenvolvimento progressivo de diferentes dom\u00ednios lingu\u00edsticos, como a compreens\u00e3o oral e escrita, a produ\u00e7\u00e3o oral e escrita, al\u00e9m da reflex\u00e3o sobre a esfera intercultural.\n\t\t\t\t\t\t\t\t<\/div>\n\t\t\t\t<\/div>\n\t\t\t\t<div class=\"elementor-element elementor-element-e7b38fd elementor-widget elementor-widget-text-editor\" data-id=\"e7b38fd\" data-element_type=\"widget\" data-widget_type=\"text-editor.default\">\n\t\t\t\t<div class=\"elementor-widget-container\">\n\t\t\t\t\t\t\t\t\tO documento estabelece diretrizes que fundamentam o ensino de ingl\u00eas, alinhando-se com as demandas contempor\u00e2neas de um mundo cada vez mais interconectado. Ele destaca a relev\u00e2ncia do ensino da l\u00edngua estrangeira n\u00e3o apenas como um meio de comunica\u00e7\u00e3o, mas tamb\u00e9m como uma janela para a compreens\u00e3o de diferentes culturas, perspectivas e realidades. A BNCC ressalta a necessidade de promover a intera\u00e7\u00e3o e a express\u00e3o oral e escrita em ingl\u00eas, estimulando o desenvolvimento da compet\u00eancia comunicativa dos estudantes.\n\t\t\t\t\t\t\t\t<\/div>\n\t\t\t\t<\/div>\n\t\t\t\t<\/div>\n\t\t<div class=\"elementor-element elementor-element-f64bc16 e-con-full e-flex parallax_section_no qode_elementor_container_no e-con e-child\" data-id=\"f64bc16\" data-element_type=\"container\">\n\t\t\t\t<div class=\"elementor-element elementor-element-bb7e206 elementor-widget elementor-widget-image\" data-id=\"bb7e206\" data-element_type=\"widget\" data-widget_type=\"image.default\">\n\t\t\t\t<div class=\"elementor-widget-container\">\n\t\t\t\t\t\t\t\t\t\t\t\t\t\t\t<img decoding=\"async\" width=\"600\" height=\"480\" src=\"https:\/\/magiadosaber.g12.br\/site\/wp-content\/uploads\/2024\/10\/2-5.png\" class=\"attachment-large size-large wp-image-1079\" alt=\"\" srcset=\"https:\/\/magiadosaber.g12.br\/site\/wp-content\/uploads\/2024\/10\/2-5.png 600w, https:\/\/magiadosaber.g12.br\/site\/wp-content\/uploads\/2024\/10\/2-5-300x240.png 300w\" sizes=\"(max-width: 600px) 100vw, 600px\" \/>\t\t\t\t\t\t\t\t\t\t\t\t\t\t\t<\/div>\n\t\t\t\t<\/div>\n\t\t\t\t<\/div>\n\t\t\t\t\t<\/div>\n\t\t\t\t<\/div>\n\t\t\t\t<\/div>\n\t\t<div class=\"elementor-element elementor-element-69d7413 e-flex e-con-boxed parallax_section_no qode_elementor_container_no e-con e-parent\" data-id=\"69d7413\" data-element_type=\"container\">\n\t\t\t\t\t<div class=\"e-con-inner\">\n\t\t<div class=\"elementor-element elementor-element-340b206 e-grid e-con-full parallax_section_no qode_elementor_container_no e-con e-child\" data-id=\"340b206\" data-element_type=\"container\">\n\t\t<div class=\"elementor-element elementor-element-d577ac6 e-con-full e-flex parallax_section_no qode_elementor_container_no e-con e-child\" data-id=\"d577ac6\" data-element_type=\"container\">\n\t\t\t\t<div class=\"elementor-element elementor-element-1eedfb1 elementor-hidden-desktop elementor-hidden-tablet elementor-widget elementor-widget-spacer\" data-id=\"1eedfb1\" data-element_type=\"widget\" data-widget_type=\"spacer.default\">\n\t\t\t\t<div class=\"elementor-widget-container\">\n\t\t\t\t\t\t\t<div class=\"elementor-spacer\">\n\t\t\t<div class=\"elementor-spacer-inner\"><\/div>\n\t\t<\/div>\n\t\t\t\t\t\t<\/div>\n\t\t\t\t<\/div>\n\t\t\t\t<div class=\"elementor-element elementor-element-6d61e3a elementor-widget elementor-widget-image\" data-id=\"6d61e3a\" data-element_type=\"widget\" data-widget_type=\"image.default\">\n\t\t\t\t<div class=\"elementor-widget-container\">\n\t\t\t\t\t\t\t\t\t\t\t\t\t\t\t<img loading=\"lazy\" decoding=\"async\" width=\"600\" height=\"480\" src=\"https:\/\/magiadosaber.g12.br\/site\/wp-content\/uploads\/2024\/10\/4.png\" class=\"attachment-large size-large wp-image-1081\" alt=\"\" srcset=\"https:\/\/magiadosaber.g12.br\/site\/wp-content\/uploads\/2024\/10\/4.png 600w, https:\/\/magiadosaber.g12.br\/site\/wp-content\/uploads\/2024\/10\/4-300x240.png 300w\" sizes=\"(max-width: 600px) 100vw, 600px\" \/>\t\t\t\t\t\t\t\t\t\t\t\t\t\t\t<\/div>\n\t\t\t\t<\/div>\n\t\t\t\t<\/div>\n\t\t<div class=\"elementor-element elementor-element-da64aff e-con-full e-flex parallax_section_no qode_elementor_container_no e-con e-child\" data-id=\"da64aff\" data-element_type=\"container\">\n\t\t\t\t<div class=\"elementor-element elementor-element-1dc9da0 elementor-widget elementor-widget-text-editor\" data-id=\"1dc9da0\" data-element_type=\"widget\" data-widget_type=\"text-editor.default\">\n\t\t\t\t<div class=\"elementor-widget-container\">\n\t\t\t\t\t\t\t\t\tOutro ponto relevante na BNCC \u00e9 a defesa da interdisciplinaridade, sugerindo a integra\u00e7\u00e3o do ensino de ingl\u00eas com outras disciplinas. Essa abordagem visa enriquecer as experi\u00eancias de aprendizagem, possibilitando que os estudantes utilizem a l\u00edngua estrangeira como uma ferramenta para a explora\u00e7\u00e3o de conte\u00fados de diversas \u00e1reas do conhecimento.\t\t\t\t\t\t\t\t<\/div>\n\t\t\t\t<\/div>\n\t\t\t\t<div class=\"elementor-element elementor-element-fba5287 elementor-widget elementor-widget-text-editor\" data-id=\"fba5287\" data-element_type=\"widget\" data-widget_type=\"text-editor.default\">\n\t\t\t\t<div class=\"elementor-widget-container\">\n\t\t\t\t\t\t\t\t\t<strong>Explora\u00e7\u00e3o Identit\u00e1ria:<\/strong> Durante a adolesc\u00eancia e pr\u00e9-adolesc\u00eancia, os estudantes est\u00e3o ativamente envolvidos na constru\u00e7\u00e3o de sua identidade. A educa\u00e7\u00e3o bil\u00edngue oferece uma oportunidade \u00fanica para explorar diferentes formas de express\u00e3o lingu\u00edstica, proporcionando um espa\u00e7o no qual os estudantes podem experimentar o mundo e compreender sua identidade de maneira mais ampla. \t\t\t\t\t\t\t\t<\/div>\n\t\t\t\t<\/div>\n\t\t\t\t<div class=\"elementor-element elementor-element-745c134 elementor-widget elementor-widget-text-editor\" data-id=\"745c134\" data-element_type=\"widget\" data-widget_type=\"text-editor.default\">\n\t\t\t\t<div class=\"elementor-widget-container\">\n\t\t\t\t\t\t\t\t\tA pr\u00e9-adolesc\u00eancia e a adolesc\u00eancia s\u00e3o fases cr\u00edticas na vida de um estudante, caracterizadas por uma intensa busca por identidade, descobertas e expans\u00e3o de horizontes. Nesse per\u00edodo, os jovens est\u00e3o \u00e1vidos por explorar o mundo e compreender seu papel dentro dele. Considerando essas caracter\u00edsticas psicol\u00f3gicas, a educa\u00e7\u00e3o bil\u00edngue emerge como uma ferramenta valiosa para potencializar o desenvolvimento desses estudantes em diversas esferas:\t\t\t\t\t\t\t\t<\/div>\n\t\t\t\t<\/div>\n\t\t\t\t<\/div>\n\t\t\t\t<\/div>\n\t\t\t\t\t<\/div>\n\t\t\t\t<\/div>\n\t\t<div class=\"elementor-element elementor-element-ab2eaab e-flex e-con-boxed parallax_section_no qode_elementor_container_no e-con e-parent\" data-id=\"ab2eaab\" data-element_type=\"container\">\n\t\t\t\t\t<div class=\"e-con-inner\">\n\t\t<div class=\"elementor-element elementor-element-8cebc14 e-grid e-con-full parallax_section_no qode_elementor_container_no e-con e-child\" data-id=\"8cebc14\" data-element_type=\"container\">\n\t\t<div class=\"elementor-element elementor-element-65f163a e-con-full e-flex parallax_section_no qode_elementor_container_no e-con e-child\" data-id=\"65f163a\" data-element_type=\"container\">\n\t\t\t\t<div class=\"elementor-element elementor-element-b63bfd3 elementor-widget elementor-widget-text-editor\" data-id=\"b63bfd3\" data-element_type=\"widget\" data-widget_type=\"text-editor.default\">\n\t\t\t\t<div class=\"elementor-widget-container\">\n\t\t\t\t\t\t\t\t\t<strong>Desenvolvimento Cognitivo:<\/strong> Essa fase da vida \u00e9 marcada por mudan\u00e7as significativas no desenvolvimento cognitivo. A aprendizagem por meio de duas l\u00ednguas estimula a plasticidade cerebral, promovendo habilidades cognitivas avan\u00e7adas, como resolu\u00e7\u00e3o de problemas, pensamento cr\u00edtico e flexibilidade mental. Essas habilidades s\u00e3o fundamentais para a explora\u00e7\u00e3o intelectual caracter\u00edstica da adolesc\u00eancia. \t\t\t\t\t\t\t\t<\/div>\n\t\t\t\t<\/div>\n\t\t\t\t<div class=\"elementor-element elementor-element-ab105d7 elementor-widget elementor-widget-text-editor\" data-id=\"ab105d7\" data-element_type=\"widget\" data-widget_type=\"text-editor.default\">\n\t\t\t\t<div class=\"elementor-widget-container\">\n\t\t\t\t\t\t\t\t\t<strong>Prepara\u00e7\u00e3o para a Globaliza\u00e7\u00e3o:<\/strong> Vivemos em uma era globalizada, e a educa\u00e7\u00e3o bil\u00edngue prepara os estudantes para interagir em um mundo diversificado. Essa prepara\u00e7\u00e3o \u00e9 essencial para a forma\u00e7\u00e3o de cidad\u00e3os globais, capacitando-os a compreender e contribuir para quest\u00f5es globais complexas. \t\t\t\t\t\t\t\t<\/div>\n\t\t\t\t<\/div>\n\t\t\t\t<div class=\"elementor-element elementor-element-5f01da3 elementor-widget elementor-widget-text-editor\" data-id=\"5f01da3\" data-element_type=\"widget\" data-widget_type=\"text-editor.default\">\n\t\t\t\t<div class=\"elementor-widget-container\">\n\t\t\t\t\t\t\t\t\t<strong>Habilidades Socioemocionais:<\/strong> A comunica\u00e7\u00e3o em duas l\u00ednguas requer uma compreens\u00e3o mais profunda das nuances da linguagem e das emo\u00e7\u00f5es associadas ao desejo de expressar-se. Esse desafio promove o desenvolvimento de habilidades socioemocionais, como empatia, compreens\u00e3o interpessoal e habilidades de comunica\u00e7\u00e3o eficazes. \t\t\t\t\t\t\t\t<\/div>\n\t\t\t\t<\/div>\n\t\t\t\t<\/div>\n\t\t<div class=\"elementor-element elementor-element-5d90913 e-con-full e-flex parallax_section_no qode_elementor_container_no e-con e-child\" data-id=\"5d90913\" data-element_type=\"container\">\n\t\t\t\t<div class=\"elementor-element elementor-element-b3c8d5f elementor-widget elementor-widget-text-editor\" data-id=\"b3c8d5f\" data-element_type=\"widget\" data-widget_type=\"text-editor.default\">\n\t\t\t\t<div class=\"elementor-widget-container\">\n\t\t\t\t\t\t\t\t\t<strong>Abertura para Novas Perspectivas Culturais:<\/strong> A educa\u00e7\u00e3o bil\u00edngue n\u00e3o se limita apenas \u00e0 aquisi\u00e7\u00e3o de uma nova l\u00edngua, mas tamb\u00e9m \u00e0 imers\u00e3o em diferentes culturas. Isso \u00e9 particularmente importante durante a adolesc\u00eancia, quando os estudantes est\u00e3o abertos a novas experi\u00eancias e perspectivas. A familiaridade com diferentes culturas enriquece seu entendimento do mundo e fomenta a toler\u00e2ncia. \t\t\t\t\t\t\t\t<\/div>\n\t\t\t\t<\/div>\n\t\t\t\t<div class=\"elementor-element elementor-element-9298a4c elementor-widget elementor-widget-text-editor\" data-id=\"9298a4c\" data-element_type=\"widget\" data-widget_type=\"text-editor.default\">\n\t\t\t\t<div class=\"elementor-widget-container\">\n\t\t\t\t\t\t\t\t\t<strong>Est\u00edmulo \u00e0 Curiosidade Lingu\u00edstica:<\/strong> A educa\u00e7\u00e3o bil\u00edngue, ao desafiar os estudantes com a aquisi\u00e7\u00e3o de uma nova l\u00edngua, estimula sua curiosidade e os incentiva a buscar conhecimento de maneira mais aut\u00f4noma. \t\t\t\t\t\t\t\t<\/div>\n\t\t\t\t<\/div>\n\t\t\t\t<\/div>\n\t\t\t\t<\/div>\n\t\t\t\t\t<\/div>\n\t\t\t\t<\/div>\n\t\t<div class=\"elementor-element elementor-element-e835c23 e-flex e-con-boxed parallax_section_no qode_elementor_container_no e-con e-parent\" data-id=\"e835c23\" data-element_type=\"container\" data-settings=\"{&quot;background_background&quot;:&quot;classic&quot;}\">\n\t\t\t\t\t<div class=\"e-con-inner\">\n\t\t\t\t<div class=\"elementor-element elementor-element-5298353 elementor-widget elementor-widget-text-editor\" data-id=\"5298353\" data-element_type=\"widget\" data-widget_type=\"text-editor.default\">\n\t\t\t\t<div class=\"elementor-widget-container\">\n\t\t\t\t\t\t\t\t\tPortanto, a educa\u00e7\u00e3o bil\u00edngue oferece oportunidades \u00fanicas para o florescimento desses jovens em sua jornada de autodescoberta e compreens\u00e3o do mundo que os cerca. Ao defender uma abordagem educacional bil\u00edngue nessa fase, as escolas desempenham um papel essencial no enriquecimento da forma\u00e7\u00e3o integral dos estudantes.\t\t\t\t\t\t\t\t<\/div>\n\t\t\t\t<\/div>\n\t\t\t\t\t<\/div>\n\t\t\t\t<\/div>\n\t\t\t\t<\/div>\n\t\t","protected":false},"excerpt":{"rendered":"<p>ENSINO FUNDAMENTAL II No Ensino Fundamental II, os estudantes s\u00e3o preparados para enfrentar desafios mais complexos e avan\u00e7ados, desenvolvendo habilidades como o gerenciamento do tempo, a organiza\u00e7\u00e3o de tarefas e o exerc\u00edcio da autonomia e da autoconfian\u00e7a.Os estudantes s\u00e3o incentivados a questionar, refletir e formar&#8230;<\/p>\n","protected":false},"author":1,"featured_media":0,"parent":0,"menu_order":0,"comment_status":"closed","ping_status":"closed","template":"full_width.php","meta":{"footnotes":""},"class_list":["post-651","page","type-page","status-publish","hentry"],"_links":{"self":[{"href":"https:\/\/magiadosaber.g12.br\/site\/wp-json\/wp\/v2\/pages\/651","targetHints":{"allow":["GET"]}}],"collection":[{"href":"https:\/\/magiadosaber.g12.br\/site\/wp-json\/wp\/v2\/pages"}],"about":[{"href":"https:\/\/magiadosaber.g12.br\/site\/wp-json\/wp\/v2\/types\/page"}],"author":[{"embeddable":true,"href":"https:\/\/magiadosaber.g12.br\/site\/wp-json\/wp\/v2\/users\/1"}],"replies":[{"embeddable":true,"href":"https:\/\/magiadosaber.g12.br\/site\/wp-json\/wp\/v2\/comments?post=651"}],"version-history":[{"count":83,"href":"https:\/\/magiadosaber.g12.br\/site\/wp-json\/wp\/v2\/pages\/651\/revisions"}],"predecessor-version":[{"id":1492,"href":"https:\/\/magiadosaber.g12.br\/site\/wp-json\/wp\/v2\/pages\/651\/revisions\/1492"}],"wp:attachment":[{"href":"https:\/\/magiadosaber.g12.br\/site\/wp-json\/wp\/v2\/media?parent=651"}],"curies":[{"name":"wp","href":"https:\/\/api.w.org\/{rel}","templated":true}]}}